{"id":270,"date":"2021-10-29T18:00:01","date_gmt":"2021-10-29T18:00:01","guid":{"rendered":"https:\/\/conteudosportal.com.br\/bulas\/?page_id=270"},"modified":"2026-04-17T14:27:16","modified_gmt":"2026-04-17T14:27:16","slug":"produtos-descontinuados","status":"publish","type":"page","link":"https:\/\/portal.novartis.com.br\/medicamentos\/produtos-descontinuados\/","title":{"rendered":"Produtos descontinuados"},"content":{"rendered":"\t\t<div data-elementor-type=\"wp-page\" data-elementor-id=\"270\" class=\"elementor elementor-270\">\n\t\t\t\t\t\t<section class=\"elementor-section elementor-top-section elementor-element elementor-element-b1b257a elementor-section-boxed elementor-section-height-default elementor-section-height-default\" data-id=\"b1b257a\" data-element_type=\"section\">\n\t\t\t\t\t\t<div class=\"elementor-container elementor-column-gap-default\">\n\t\t\t\t\t<div class=\"elementor-column elementor-col-100 elementor-top-column elementor-element elementor-element-35ad158\" data-id=\"35ad158\" data-element_type=\"column\">\n\t\t\t<div class=\"elementor-widget-wrap elementor-element-populated\">\n\t\t\t\t\t\t<div class=\"elementor-element elementor-element-7b3873d elementor-icon-list--layout-inline elementor-list-item-link-full_width elementor-widget elementor-widget-icon-list\" data-id=\"7b3873d\" data-element_type=\"widget\" data-widget_type=\"icon-list.default\">\n\t\t\t\t<div class=\"elementor-widget-container\">\n\t\t\t\t\t\t\t<ul class=\"elementor-icon-list-items elementor-inline-items\">\n\t\t\t\t\t\t\t<li class=\"elementor-icon-list-item elementor-inline-item\">\n\t\t\t\t\t\t\t\t\t\t\t<a href=\"https:\/\/portal.novartis.com.br\/\">\n\n\t\t\t\t\t\t\t\t\t\t\t<span class=\"elementor-icon-list-text\">Home<\/span>\n\t\t\t\t\t\t\t\t\t\t\t<\/a>\n\t\t\t\t\t\t\t\t\t<\/li>\n\t\t\t\t\t\t\t\t<li class=\"elementor-icon-list-item elementor-inline-item\">\n\t\t\t\t\t\t\t\t\t\t\t<a href=\"https:\/\/portal.novartis.com.br\/medicamentos\/\">\n\n\t\t\t\t\t\t\t\t\t\t\t\t<span class=\"elementor-icon-list-icon\">\n\t\t\t\t\t\t\t<i aria-hidden=\"true\" class=\"fas fa-angle-right\"><\/i>\t\t\t\t\t\t<\/span>\n\t\t\t\t\t\t\t\t\t\t<span class=\"elementor-icon-list-text\">Produtos<\/span>\n\t\t\t\t\t\t\t\t\t\t\t<\/a>\n\t\t\t\t\t\t\t\t\t<\/li>\n\t\t\t\t\t\t\t\t<li class=\"elementor-icon-list-item elementor-inline-item\">\n\t\t\t\t\t\t\t\t\t\t\t<span class=\"elementor-icon-list-icon\">\n\t\t\t\t\t\t\t<i aria-hidden=\"true\" class=\"fas fa-angle-right\"><\/i>\t\t\t\t\t\t<\/span>\n\t\t\t\t\t\t\t\t\t\t<span class=\"elementor-icon-list-text\">Produtos descontinuados<\/span>\n\t\t\t\t\t\t\t\t\t<\/li>\n\t\t\t\t\t\t<\/ul>\n\t\t\t\t\t\t<\/div>\n\t\t\t\t<\/div>\n\t\t\t\t<section class=\"elementor-section elementor-inner-section elementor-element elementor-element-4a74901 elementor-section-boxed elementor-section-height-default elementor-section-height-default\" data-id=\"4a74901\" data-element_type=\"section\">\n\t\t\t\t\t\t<div class=\"elementor-container elementor-column-gap-default\">\n\t\t\t\t\t<div class=\"elementor-column elementor-col-50 elementor-inner-column elementor-element elementor-element-d119da6\" data-id=\"d119da6\" data-element_type=\"column\">\n\t\t\t<div class=\"elementor-widget-wrap elementor-element-populated\">\n\t\t\t\t\t\t<div class=\"elementor-element elementor-element-7ee4f7f elementor-widget elementor-widget-image\" data-id=\"7ee4f7f\" data-element_type=\"widget\" data-widget_type=\"image.default\">\n\t\t\t\t<div class=\"elementor-widget-container\">\n\t\t\t\t\t\t\t\t\t\t\t\t\t\t\t<img fetchpriority=\"high\" decoding=\"async\" width=\"386\" height=\"330\" src=\"https:\/\/portal.novartis.com.br\/medicamentos\/wp-content\/uploads\/2021\/10\/novartis-bulas.png\" class=\"attachment-large size-large wp-image-276\" alt=\"\" srcset=\"https:\/\/portal.novartis.com.br\/medicamentos\/wp-content\/uploads\/2021\/10\/novartis-bulas.png 386w, https:\/\/portal.novartis.com.br\/medicamentos\/wp-content\/uploads\/2021\/10\/novartis-bulas-300x256.png 300w\" sizes=\"(max-width: 386px) 100vw, 386px\" \/>\t\t\t\t\t\t\t\t\t\t\t\t\t\t\t<\/div>\n\t\t\t\t<\/div>\n\t\t\t\t\t<\/div>\n\t\t<\/div>\n\t\t\t\t<div class=\"elementor-column elementor-col-50 elementor-inner-column elementor-element elementor-element-8eed602\" data-id=\"8eed602\" data-element_type=\"column\">\n\t\t\t<div class=\"elementor-widget-wrap elementor-element-populated\">\n\t\t\t\t\t\t<div class=\"elementor-element elementor-element-10a76e6 elementor-widget elementor-widget-heading\" data-id=\"10a76e6\" data-element_type=\"widget\" data-widget_type=\"heading.default\">\n\t\t\t\t<div class=\"elementor-widget-container\">\n\t\t\t\t\t<h2 class=\"elementor-heading-title elementor-size-default\">Produtos descontinuados<\/h2>\t\t\t\t<\/div>\n\t\t\t\t<\/div>\n\t\t\t\t<div class=\"elementor-element elementor-element-3800212 elementor-align-start elementor-icon-list--layout-traditional elementor-list-item-link-full_width elementor-widget elementor-widget-icon-list\" data-id=\"3800212\" data-element_type=\"widget\" data-widget_type=\"icon-list.default\">\n\t\t\t\t<div class=\"elementor-widget-container\">\n\t\t\t\t\t\t\t<ul class=\"elementor-icon-list-items\">\n\t\t\t\t\t\t\t<li class=\"elementor-icon-list-item\">\n\t\t\t\t\t\t\t\t\t\t\t<a href=\"https:\/\/portal.novartis.com.br\/medicamentos\/wp-content\/uploads\/2021\/10\/Bula-e-informacoes-sobre-Descontinuacao-de-Produtos-Paciente.pdf\" target=\"_blank\">\n\n\t\t\t\t\t\t\t\t\t\t\t\t<span class=\"elementor-icon-list-icon\">\n\t\t\t\t\t\t\t<svg xmlns=\"http:\/\/www.w3.org\/2000\/svg\" xmlns:xlink=\"http:\/\/www.w3.org\/1999\/xlink\" width=\"32\" height=\"32\" viewBox=\"0 0 32 32\" fill=\"none\"><rect width=\"32\" height=\"32\" fill=\"url(#pattern0)\"><\/rect><defs><pattern id=\"pattern0\" patternContentUnits=\"objectBoundingBox\" width=\"1\" height=\"1\"><use xlink:href=\"#image0_2277:486\" transform=\"scale(0.00195312)\"><\/use><\/pattern><image id=\"image0_2277:486\" width=\"512\" height=\"512\" xlink:href=\"data:image\/png;base64,iVBORw0KGgoAAAANSUhEUgAAAgAAAAIACAYAAAD0eNT6AAAABHNCSVQICAgIfAhkiAAAAAlwSFlzAAAOxAAADsQBlSsOGwAAABl0RVh0U29mdHdhcmUAd3d3Lmlua3NjYXBlLm9yZ5vuPBoAABn1SURBVHic7d15sC5nQefxb0gCZGEJhCUhMgMaIhSCAqKgjBBQEZVyQwRGRacG99JxpEaldBwFl3FBVFR0FHDAbXBwVJQtAYFBQWIBghBAUQYSIEBWIPudP\/qyJCQhp0+\/3e95+\/Op6iJF3eec3zn3dvfvfbr76QIAAAAAAAAAAAAAAAAAAAAAAAAAAAAAAAAAAAAAAAAAAAAAAAAAAAAAAAAAAAAAAAAAAAAAAAAAAAAAAAAAAAAAAAAAAAAAAAAAAAAAAAAAAAAAAAAAAAAAAAAAAAAAAAAAAAAAAAAAAAAAAAAAAAAAAAAAAAAAAAAAAAAAAAAAAAAAAAAAAAAAVu2IpQPAPpxSfXZ1WnW36qTquMPb8Qvm4uC5qHpz9bzqrxfOArNQADhITqgeUZ1ePaS6y7Jx2FGvqL6l+telg8AmKQBsu6OrhzcckL+6utmycViJ86qHVW9cOgjA2ty04aT\/9uqQzbbA9qHqvgEwi5tU31Wd2\/InAJvtvOpeAbBRn1f9Tcsf9G22T97MBABsyFHVT1dXtfzB3ma7rs1MADvHTYAs7ZTq96sHLR0EPo3zqy+tzlo6CExBAWBJ96teUN1+6SBwI32gemieDmAH3GTpAKzWQ6ozcvLnYDmxennuCWAHKAAs4ZHVC6tbLh0ERjih4d+vewI40FwCYG4PqF5aHbt0ENgn9wRwoCkAzOleDeus33rpIDAR9wRwYCkAzOVW1d9Xd93g97i6Oqf6cHXJBr8PB8+x1d039LWVAIAb8Lymfzb7kuqPq+9omF3wngCuz32zTgDA7L6zaQ+2b6q+La\/85cbbdAFQAgCu5Y7VBU1zgH1X9ag8vcLezVEAlACAT\/Lcpjmw\/kY+8TPeXAVACQCovrj9H0w\/Uj1m7uDsnDkLgBIArN6L2t9B9OLqYbOnZhfNXQAO5S2CwEp9XsNjefv55P\/Fs6dmVy1RAJQAYJX+uPEHzaurr50\/MjtsqQJwKJcDgBW5TXVp4w+Yvzh\/ZHbckgXATACwGt\/d+APlW6ubzh+ZHTe2AFw+cpyZAGCVXt34g6Sb\/tiEsQXgRxuW+FUCAD6NW1dXNu7g+LIF8rIOYwvAE6rbVW8YOf66NpcD2ApWVGNqD66OHDn25ybMAVM5r2Fm6h8m+nonVC\/MTAALUwCY2ukjx72nesmUQWBC5zXtG\/9OrF6emQAWpAAwtbEHtOdWV00ZBCZmJoCdogAwtdNGjvPpn4PATADAdTixcTdFXVkdu0Be1mM\/NwFel9vl6QAOODMATOkzR457Z8PSv3BQbGIm4IyUAGakADClW40c945JU8A8PnZPgBLAgaQAMKVbjBx3\/qQpYD7nNTz6etZEX889AcxGAWBKx48cZ\/qfg+z86iuabibA0wHMQgFgSjcbOc7jfxx0ZgI4cBQAgGmcX31p05WAExoej1UC2AgFAGA6SgAHhgIAMC0lgANBAQCYnhLA1lMAADZDCWCrKQAAm6MEsLUUAIDNUgLYSgoAwOYpAWwdBQBgHkoAW0UBAJiPEsDWUAAA5qUEsBUUAID5KQEsTgEAWIYSwKIUAIDlKAEsRgEAWJYSwCIUAIDlKQHMTgEA2A5KALNSAAC2hxLAbBQAgO2iBDALBQBg+ygBbJwCALCdlAA2SgEA2F5KABujAABsNyWAjVAAALafEsDkFACAg0EJYFIKAMDBoQQwGQUA4GBRApiEAgBw8CgB7JsCAHAwKQHsiwIAcHApAYymAAAcbEoAoygAAAefEsCeKQAAu0EJYE8UAIDdoQRwoykAALtFCeBGUQAAdo8SwKelAADsJiWAG6QAAOwuJYDrpQAA7DYlgOukAADsPiWAT6EAAGtw5chxR02aYlnnVw+v3jjR1zuhemF1r4m+HjNTAIA1uGTkuOMnTbG8D1QPbrqZgBOrl2cm4EBSAIA1uHjkuNtMmmI7mAmgUgCAdbho5LjTJk2xPT5QPbTpSsCJ1RkpAQeKAgCswaXV+0aMu+fUQbaIErByCgCwFmePGPNZ1SlTB9ki7glYMQUAWIsxBaCG6+W7zD0BK6UAAGvx+pHjvnnSFNvJ5YAVUgCAtXjZyHEPqu4+ZZAtpQSsjAIArMVbqnNGjDui+pGJs2wr9wSsiAIArMkZI8c9prr3lEG2mHsCVkIBANbkD0aOO6r6zdZzzHQ5ANiTJ1SHRmzPWCIsq3Rkw2WAMf9OD1U\/Pn\/kRZ1Qva7xv69rbx\/K5YCtsZY2C1B1VfXcfYz\/8eorJspyELgcANwoZgA4CO5cXdb4T7GXVA+YPfWyTqze0HQzAeelBCzODACwNu+qnrOP8cdVL273Fwj6ZJ4OAG6QGQAOilOrK9rfp9jLqu+aO\/jCzAQA10kB4CB5atOcxJ5XnTRz9iUpAcCnUAA4SG5ZvadpTmIXVk9suDywBkoAcA0KAAfNo5ruJPaxE9lTqs+e84dYiBIAfJwCwEH0O01bAj62vbn6lepx1f2q21fHzvQzzUUJACoFgIPp5g1vCtxECbDtfbNY0Ew8Bgis3aXVN1UfXDoIlcWCZqMAANRbq0c0LPLD8k6sXlTdaekgu0wBABi8tmEm4PKlg1DVHatfWzrELlMAAD7hBdVXZyZgW3xN63kN8+wUAIBrenH1kIY70lneY5cOsKsUAIBP9brqCxouC7CsxywdYFcpAADX7Z3VF1U\/1\/B4Gsv4jKUD7CoFAOD6XVn9cPWwhicFYGcoAACf3pkNN6P9aHXxwllgEgoAwI1zefUz1SkNswIfWjYO7I8CALA3FzXcF3CX6nur1ywbB8ZRAADGuah6evWFDW\/\/+7Hq5dVlC2aCG+2opQMA7ICzqycf3o5pKAX3bCgGd2u4bHD84e3WC2WEa1AAAKb10eplhzeuyeOUW8QlAABYIQUAAFZIAQCAFVIAAGCFFAAAWCEFAABWSAEAgBVSAABghRQAAFghBQAAVkgBAIAVUgAAYIUUAABYIQUAAFZIAQCAFVIAAGCFFAAAWCEFAABWSAEAgBVSAABghRQAAFghBQAAVkgBAIAVUgAAYIUUAABYIQUAAFZIAQCAFVIAAGCFFAAAWCEFAABWSAEAgBVSAABghRQAAFghBQAAVkgBAIAVUgAAYIUUAABYIQUAAFZIAQCAFVIAAGCFFAAAWCEFAABWSAEAgBVSAABghRQAAFghBQAAVkgBAIAVUgAAYIUUAABYIQUAAFZIAQCAFVIAAGCFFAAAWCEFAABWSAEAgBVSAABghRQAAFiho5YOwA26SXWn6tjq+IWz3Bh3HjnuQdUzpgzCql1YXVK9vfrH6k3VVYsmgi10xNIBuIbjqq+qHlI9oDqtutmiieDgu6A6s3pu9YLqsmXjrNqhkeOcqzbAL3U73KP6oepRHYxP+nBQnVs9tXp69ZGFs6yRArBF\/FKXdXL189U35X4MmNO7qu+v\/nTpICujAGwRv9TlPK769eqWSweBFfut6geqjy4dZCUUgC3ilzq\/I6unVd+zdBCgqldVj6zOXzrICigAW8QvdV5HVb\/fcK0f2B6vrx7c8AQBm6MAbBHXnedzRPU\/cvKHbfS5DfcDHL10EJiLAjCfJ1bfunQI4Ho9uHry0iFgLqZV5nG\/6tX5dAHb7lD1JdUrlw6yo1wC2CJ+qZt3ZPWa6r5LBwFulH+oPi+rB26CArBFXALYvMfl5A8HyedU37h0CNg0rWqzbtKwDvndlw4C7MkbGm4MZFpmALaIGYDNenBO\/nAQ3TsFgB3nbYCb9bh9jj\/UcDPSyxrWMB\/bnmFNblt9YfXw6qb7+DqPblgfAGDP3tNw0h6zvaPhjYDAOJ9ZvaLx++Br5o+888b+XcCBcmr7O\/nfbv7IsHNuWr2kcfvhFdXN54+80xQAVuHrGvcP\/ep88ocp3b5hid8x++M9F8i7yxSALeImwM05deS4V1Z\/M2UQWLn3V88cOfbfTpgDtooCsDm3HTnuzElTADV+v\/K6bnaWArA5x48c975JUwA1PEUzxnGTpoAtogBszpEjx109aQqgxu9XFqBhZykAALBCCgAArJACAAArpAAAwAopAACwQgoAAKyQAgAAK6QAAMAKKQAAsEIKAACskAIAACukAADACikAALBCCgAArJACAAArpAAAwAopAACwQgoAAKyQAgAAK6QAAMAKKQAAsEIKAACskAIAACukAADACikAALBCCgAArJACAAArpAAAwAodtXQAZvGE6hkzfa+PHt7eW72zemv12uqV1bkzZXhddd+Jv+bV1YXV5dVFDT\/fv1TvavgZz6rOPvznts1Z1X2WDrEHv93wbxbYIAWAqR1zeLtNdY\/qKw\/\/\/4eqv6v+qHp29cFF0o13k+qEw\/99h+rU6kHX+jMXV39b\/VX1F9XbZ0sHsEcuATCXI6r7V79Yvbt6enXyoommd4vqS6tfqt5Wvbn6z9XtlgwFcF0UAJZw8+q7Gz4h\/1B15LJxNuYe1S80FJ7nVKctGwfgExQAlnRs9fPVX1cnLZxlk25aPa5hRuD3qn+zbBwABYDt8EUNN+7da+kgG3Zk9c3VP1b\/pd2d+QAOAAWAbXFydUa7XwJqmPn42epV1Z0XzgKslALANjmx4Q76Xbs58Pp8YfX31ZctHQRYHwWAbXNy9dzW82\/zttVfVt+6dBBgXdZykOVgeXD1nUuHmNGR1TOr71s6CLAeCgDb6ierWy4dYkZHVE+rHrt0EGAdrATIdXl+9ZQ9jrl5w0p5d25Y8Odh1Z32keG2DZ+I95pjrPvt4c+eX92q4dHFe1Rf0LAA0K32meGI6neqf25YUXApY\/7+p3Tegt8bYN+e0bD87V63TayB\/oQ9ZpjivQFHNiwDfNYev\/cnb\/\/auFmq1434Xvt1dPX11ctGfO9rb+c03BA5lb3+HfzWhN97W9y37dkf12zsPsEGuATAplxVvaBhNuBJjduJ71x9yZShNuiK6k+qhzTMfrx5H1\/rpOrXpggFcH0UADbtquqnq+8ZOf7LJ8wylzMaPnH+QuM\/vTy6+trJEgFciwLAXH6jet6IcQdlBuDaLque2HBT3+Ujv8bP5T4dYEMUAOb0EyPG3H3qEDP7w4Z7A64YMfbU6tumjQMwUACY05vb+7XxW3XwX6f7F9V3jBz7I9lPgQ1wYGFubx8xZr+P122DZ1a\/PWLcXarTJ84CoAAwuw+PGHPc5CmW8Z8aHm3cq\/8wdRAABYC5nTJizKWTp1jGhxteA7xXX9mwzgDAZBQA5nSL6vNHjLto6iAL+uPqH\/c45hYNbw4EmIwCwJweWx27xzEfrd63gSxLOdS4RX4eNnUQYN0UAOZyh8atL\/+26uqJsyztD9v72gD33kQQYL0UAOZwq+rPGl7ws1evmjjLNji\/vb\/sZ871EP5j+3+fgTX3YcspAGzafRpO4vcfOf6lE2bZJq\/c45+\/a24EBCakALApn1v9bvWa6p4jv8aHqhdOlmi77HVBpKPajfUQgC1hnXGuy93b+5TsMQ2vsL1L9e+qz5ggx3PanUcAr+1fRoy5ZfWBiXMAK6UAcF0edHhb0qXVzy+cYZM+MmLM8ZOnAFbLJQC21S9V7146xAaNebLhyslTAKulALCN3lL91NIhNmzMExG7tCASsDAFgG1zcfWN7e61\/485acSYSyZPAayWAsA2ubT6hupNSweZwefu8c9\/uLpwE0GAdVIA2BaXVF9TvXjpIDPZ69r+ZzcsmAMwCU8BsA3eVn196\/jkX8P1\/wfuccxbNxEEWC8FgCVdVT2t+rHGPRZ3UH1Te9\/3XruJINfj+Y17b8N+\/OvM3w9WTwFgCVc2vBb3JxumttfkJtX3jxh3xtRBbsAHqrNm\/H7AAhQA5nJ1w0nl+dWzq3OWjbOYx1en7nHMue196WCAG6QAcH328wnwUPW+6v3V26s3NExhr30Z29s0bmr9f+UGQGBiCgDX535LB9hBv17dccS4Z04dBMBjgDCP\/1o9esS411WvnzgLgAIAM\/iB6idGjv3JCXMAfJwCAJtzVPWL1VNHjn9N9efTxQH4BPcAwGacVj2rva\/49zFXVz84WRqAazEDANO6U\/XL1T80\/uRf9SvVqydJBHAdzADA\/t26+rKGFxl9TXX0Pr\/e2dWT9hsK4IYoADB4xh7\/\/NHV7Rqm+j+rOmKiHOdXj2xdSyMDC1AAYPCEpQNUV1Tf2PByJICNcg8AbIfLG07+L106CLAOZgBgeR9peB3yC5cOAqyHGQBY1juqB+TkD8xMAYDl\/En1+dUblw4CrI8CAPM7t+F6\/zdUFyycBVgp9wDAfM5vWCToqdXFC2cBVk4BgM37f9VvVb9aXbhwFoBKAYBNuaDhxr5nVS9pWNsfYGsoADCN91avr15bvbjhTX5XLpoI4AYoAOvwloYp6LV4fnXWBr7uFdUlDZ\/m39dwM985DY\/yvXcD3w9gYxSAdXjl4W0tnrJ0gC1z36UDANvHY4AAsEIKAACskAIAACukAADACikAALBCCgAArJACAAArpAAAwAopAACwQgoAAKyQAgAAK6QAAMAKKQAAsEIKAACskAIAACukAADACikAALBCCgAArJACAAArpAAAwAopAACwQgoAAKyQAgAAK6QAAMAKKQAAsEIKAACskAIAACukAADACikA28ffCUxv7H51xaQpYIs42WzO5SPH3WHSFEDVSSPHXTJpCtgiCsDmjD1wPHTSFECN368+MGkKYBV+oDo0Yru6euACeWFX3aG6qHH74ykL5N1lY\/4ODi2SFPbhEY3\/x\/5P1e3njww752bVGY3bDz9YHTF\/5J2mALAKJzX+H\/uh6p+rL549NeyOU6tXNX4f\/N\/zR955CsAWOWrpADvs3Ors6rSR4+9SvaL6v9WZ1TnZEeDGOLF6QPXl1dH7+Dp\/NU0c2E6mtzbrv1dPXDoEsGeXVyc3XAZgOmM\/xDhXbYCnADbrfy4dABjlD3LyZ8dpVZt3ZvWQpUMAN9pV1T2rty4dZAeZAdgiZgA278lLBwD25Bk5+bMCWtU8\/qT6uqVDAJ\/We6rPqc5fOsiOMgOwRfxS53FK9YbqNksHAa7XVdXpDU\/fsBkKwBZxCWAe764e37DKH7Cdvicnf1ZEAZjPn1c\/uHQI4FMcqn644do\/rIaFgOb1tOrm1c9kSgu2weXVd1W\/u3QQmJuT0DK+pfrN6pilg8CKvaN6TPW6pYOsiHsAtohLAMv4ver+DTcGAvP6SPXfqnvl5M+KaVXLOqr67upJefsfbNo51bOqX67OWzbKapkB2CJ+qdvhmIanBB7fMDMA7N8F1Vsa7ux\/SfXyhkf9WI4CsEX8UrfPXRqeRX5g9dnVXavjqlssGWrDnl89ZekQ7IwLqovyKX8bKQCwo57QuHd9e\/wK1mHM8cFr0DfETYAAsEIKAACskAIAACukAADACikAALBCCgAArJACAAArpAAAwAopAACwQgoAAKyQAgAAK6QAMKWxa3bfbNIUwDY6aukAXJMCwJQuHTnu+ElTANvo9iPHfXTSFHycAsCULh457g6TpgC20Ukjx409rvBpKABM6ZKR406bNAWwjT5n5LiLJk3BxykATOmDI8fdrrrTlEGArXOfkeM+NGkKPk4BYErvaPyNgKdPGQTYOl82ctzbJk3BxykATOni6pyRY79qyiDAVjmt8Zf6zp4yCJ+gADC1t44c98jqhCmDAFvj2\/YxVgHYEAWAqf3tyHE3r759yiDAVji2evw+xv\/NRDmADTu94T6AMds51THzRwY26Icaf0wYO6MILOCYhoU7xu7wPz5\/ZGBDbt\/wdNDY48Gvzx8Z2I+\/aPwO\/9GsCwC74jmNPxYcqh4xf2RgPx7d\/nb6NzZcNwQOrse2v+PA+\/L+ADhwbl6d3\/52\/ufmJlU4qO5ffbj9HQOeOntqYBK\/2v52\/kPV06oj5g4O7Mvdq\/Pa375\/dXXPuYMD0\/iM6rL2XwKeXR09c3ZgnPtX72\/\/+\/2fzh0cmNYz2\/+B4FB1ZnXyzNmBvfn29j\/t\/7Ht82fODkzss6pLm+aA8P7q3+eSAGybk6s\/apr9\/FD1Z\/PGBzblyU13YDhUvbJ66Kw\/AXBdbl39WHVh0+3fH6nuOucPAWzOMdU\/N20JOFS9rvq+6o7z\/SiwejepHlj9RnVB0+\/XFgKbkelU5vCw6kVt5rG+Q9Wbq1c1LBv6T9UlDW8mBMY7srpldbvqbtW9qy+pbrOh7\/eG6gsabh5mBgoAc3ly9aSlQwBb6ZKGG\/+s\/T8jBYC5HFmd0fAJAuCTPa76\/aVDrI2V1pjLVdU3pOED1\/RTOfkvwgwAczulenXDQkHAuv1e9fiGe3mYmRkA5vbuhjd8vXfpIMCi\/rBh8SAn\/4UoACzhTdUDqrctHQRYxNMbrvtftXSQNVMAWMq\/VA+qXrNwDmA+V1c\/Un3v4f9mQUcuHYBV+3D1rOpm1RflnhTYZec13Aj87KWDMFAAWNrV1UsbFgE5vTpu2TjABryo+vKG\/Zwt4RIA2+JPq9OqX8l1QdgV51bfWj08N\/5uHTMAbJNLqxdWf1ndueFtgsDBc2H1C9Vjqr9bOAvXwzVXttn9GpYP\/uqUVTgIzmuYxfu1hpcFscUUAA6Ck6tHVd9S3WfhLMA1XVa9pGFRn\/9TXb5sHG4sBYCD5tSGmwVPb3iM8KRl48DqXNHwBs4zD2+vyNs3DyQFgIPu1g2vKr1bQxk4\/pM2YLyrG67lX9Twtr53Vmcf\/t8rFswFAAAAAAAAAAAAAAAAAAAAAAAAAAAAAAAAAAAAAAAAAAAAAAAAAAAAAAAAAAAAAAAAAAAAAAAAAAAAAAAAAAAAAAAAAAAAAAAAAAAAAAAAAAAAAAAAAAAAAAAAAAAAAAAAAAAAAAAAAAAAAAAAAAAAAAAAAAAAAAAAAAAAAAAAAAAAAAAAAADABvx\/nFgDSpITEqUAAAAASUVORK5CYII=\"><\/image><\/defs><\/svg>\t\t\t\t\t\t<\/span>\n\t\t\t\t\t\t\t\t\t\t<span class=\"elementor-icon-list-text\">Bula de informa\u00e7\u00f5es sobre Descontinua\u00e7\u00e3o de Produtos - Paciente<\/span>\n\t\t\t\t\t\t\t\t\t\t\t<\/a>\n\t\t\t\t\t\t\t\t\t<\/li>\n\t\t\t\t\t\t<\/ul>\n\t\t\t\t\t\t<\/div>\n\t\t\t\t<\/div>\n\t\t\t\t\t<\/div>\n\t\t<\/div>\n\t\t\t\t\t<\/div>\n\t\t<\/section>\n\t\t\t\t\t<\/div>\n\t\t<\/div>\n\t\t\t\t\t<\/div>\n\t\t<\/section>\n\t\t\t\t<\/div>\n\t\t","protected":false},"excerpt":{"rendered":"<p>Home Produtos Produtos descontinuados Produtos descontinuados Bula de informa\u00e7\u00f5es sobre Descontinua\u00e7\u00e3o de Produtos &#8211; Paciente<\/p>\n","protected":false},"author":4,"featured_media":0,"parent":0,"menu_order":0,"comment_status":"closed","ping_status":"closed","template":"elementor_header_footer","meta":{"footnotes":""},"class_list":["post-270","page","type-page","status-publish","hentry"],"yoast_head":"<!-- This site is optimized with the Yoast SEO plugin v27.4 - https:\/\/yoast.com\/product\/yoast-seo-wordpress\/ -->\n<title>Produtos descontinuados - Bulas de Medicamentos<\/title>\n<meta name=\"robots\" content=\"index, follow, max-snippet:-1, max-image-preview:large, max-video-preview:-1\" \/>\n<link rel=\"canonical\" href=\"https:\/\/portal.novartis.com.br\/medicamentos\/produtos-descontinuados\/\" \/>\n<meta property=\"og:locale\" content=\"pt_BR\" \/>\n<meta property=\"og:type\" content=\"article\" \/>\n<meta property=\"og:title\" content=\"Produtos descontinuados - Bulas de Medicamentos\" \/>\n<meta property=\"og:description\" content=\"Home Produtos Produtos descontinuados Produtos descontinuados Bula de informa\u00e7\u00f5es sobre Descontinua\u00e7\u00e3o de Produtos &#8211; Paciente\" \/>\n<meta property=\"og:url\" content=\"https:\/\/portal.novartis.com.br\/medicamentos\/produtos-descontinuados\/\" \/>\n<meta property=\"og:site_name\" content=\"Bulas de Medicamentos\" \/>\n<meta property=\"article:modified_time\" content=\"2026-04-17T14:27:16+00:00\" \/>\n<meta property=\"og:image\" content=\"https:\/\/portal.novartis.com.br\/medicamentos\/wp-content\/uploads\/2021\/10\/novartis-bulas.png\" \/>\n\t<meta property=\"og:image:width\" content=\"386\" \/>\n\t<meta property=\"og:image:height\" content=\"330\" \/>\n\t<meta property=\"og:image:type\" content=\"image\/png\" \/>\n<meta name=\"twitter:card\" content=\"summary_large_image\" \/>\n<meta name=\"twitter:label1\" content=\"Est. tempo de leitura\" \/>\n\t<meta name=\"twitter:data1\" content=\"1 minuto\" \/>\n<script type=\"application\/ld+json\" class=\"yoast-schema-graph\">{\"@context\":\"https:\\\/\\\/schema.org\",\"@graph\":[{\"@type\":\"WebPage\",\"@id\":\"https:\\\/\\\/portal.novartis.com.br\\\/medicamentos\\\/produtos-descontinuados\\\/\",\"url\":\"https:\\\/\\\/portal.novartis.com.br\\\/medicamentos\\\/produtos-descontinuados\\\/\",\"name\":\"Produtos descontinuados - Bulas de Medicamentos\",\"isPartOf\":{\"@id\":\"https:\\\/\\\/portal.novartis.com.br\\\/medicamentos\\\/#website\"},\"primaryImageOfPage\":{\"@id\":\"https:\\\/\\\/portal.novartis.com.br\\\/medicamentos\\\/produtos-descontinuados\\\/#primaryimage\"},\"image\":{\"@id\":\"https:\\\/\\\/portal.novartis.com.br\\\/medicamentos\\\/produtos-descontinuados\\\/#primaryimage\"},\"thumbnailUrl\":\"https:\\\/\\\/portal.novartis.com.br\\\/medicamentos\\\/wp-content\\\/uploads\\\/2021\\\/10\\\/novartis-bulas.png\",\"datePublished\":\"2021-10-29T18:00:01+00:00\",\"dateModified\":\"2026-04-17T14:27:16+00:00\",\"breadcrumb\":{\"@id\":\"https:\\\/\\\/portal.novartis.com.br\\\/medicamentos\\\/produtos-descontinuados\\\/#breadcrumb\"},\"inLanguage\":\"pt-BR\",\"potentialAction\":[{\"@type\":\"ReadAction\",\"target\":[\"https:\\\/\\\/portal.novartis.com.br\\\/medicamentos\\\/produtos-descontinuados\\\/\"]}]},{\"@type\":\"ImageObject\",\"inLanguage\":\"pt-BR\",\"@id\":\"https:\\\/\\\/portal.novartis.com.br\\\/medicamentos\\\/produtos-descontinuados\\\/#primaryimage\",\"url\":\"https:\\\/\\\/portal.novartis.com.br\\\/medicamentos\\\/wp-content\\\/uploads\\\/2021\\\/10\\\/novartis-bulas.png\",\"contentUrl\":\"https:\\\/\\\/portal.novartis.com.br\\\/medicamentos\\\/wp-content\\\/uploads\\\/2021\\\/10\\\/novartis-bulas.png\",\"width\":386,\"height\":330},{\"@type\":\"BreadcrumbList\",\"@id\":\"https:\\\/\\\/portal.novartis.com.br\\\/medicamentos\\\/produtos-descontinuados\\\/#breadcrumb\",\"itemListElement\":[{\"@type\":\"ListItem\",\"position\":1,\"name\":\"In\u00edcio\",\"item\":\"https:\\\/\\\/portal.novartis.com.br\\\/medicamentos\\\/\"},{\"@type\":\"ListItem\",\"position\":2,\"name\":\"Produtos descontinuados\"}]},{\"@type\":\"WebSite\",\"@id\":\"https:\\\/\\\/portal.novartis.com.br\\\/medicamentos\\\/#website\",\"url\":\"https:\\\/\\\/portal.novartis.com.br\\\/medicamentos\\\/\",\"name\":\"Bulas de Medicamentos\",\"description\":\"Novartis\",\"publisher\":{\"@id\":\"https:\\\/\\\/portal.novartis.com.br\\\/medicamentos\\\/#organization\"},\"potentialAction\":[{\"@type\":\"SearchAction\",\"target\":{\"@type\":\"EntryPoint\",\"urlTemplate\":\"https:\\\/\\\/portal.novartis.com.br\\\/medicamentos\\\/?s={search_term_string}\"},\"query-input\":{\"@type\":\"PropertyValueSpecification\",\"valueRequired\":true,\"valueName\":\"search_term_string\"}}],\"inLanguage\":\"pt-BR\"},{\"@type\":\"Organization\",\"@id\":\"https:\\\/\\\/portal.novartis.com.br\\\/medicamentos\\\/#organization\",\"name\":\"Novartis\",\"url\":\"https:\\\/\\\/portal.novartis.com.br\\\/medicamentos\\\/\",\"logo\":{\"@type\":\"ImageObject\",\"inLanguage\":\"pt-BR\",\"@id\":\"https:\\\/\\\/portal.novartis.com.br\\\/medicamentos\\\/#\\\/schema\\\/logo\\\/image\\\/\",\"url\":\"https:\\\/\\\/portal.novartis.com.br\\\/medicamentos\\\/wp-content\\\/uploads\\\/2021\\\/08\\\/cropped-cropped-novartis.png\",\"contentUrl\":\"https:\\\/\\\/portal.novartis.com.br\\\/medicamentos\\\/wp-content\\\/uploads\\\/2021\\\/08\\\/cropped-cropped-novartis.png\",\"width\":1280,\"height\":210,\"caption\":\"Novartis\"},\"image\":{\"@id\":\"https:\\\/\\\/portal.novartis.com.br\\\/medicamentos\\\/#\\\/schema\\\/logo\\\/image\\\/\"}}]}<\/script>\n<!-- \/ Yoast SEO plugin. -->","yoast_head_json":{"title":"Produtos descontinuados - Bulas de Medicamentos","robots":{"index":"index","follow":"follow","max-snippet":"max-snippet:-1","max-image-preview":"max-image-preview:large","max-video-preview":"max-video-preview:-1"},"canonical":"https:\/\/portal.novartis.com.br\/medicamentos\/produtos-descontinuados\/","og_locale":"pt_BR","og_type":"article","og_title":"Produtos descontinuados - Bulas de Medicamentos","og_description":"Home Produtos Produtos descontinuados Produtos descontinuados Bula de informa\u00e7\u00f5es sobre Descontinua\u00e7\u00e3o de Produtos &#8211; Paciente","og_url":"https:\/\/portal.novartis.com.br\/medicamentos\/produtos-descontinuados\/","og_site_name":"Bulas de Medicamentos","article_modified_time":"2026-04-17T14:27:16+00:00","og_image":[{"width":386,"height":330,"url":"https:\/\/portal.novartis.com.br\/medicamentos\/wp-content\/uploads\/2021\/10\/novartis-bulas.png","type":"image\/png"}],"twitter_card":"summary_large_image","twitter_misc":{"Est. tempo de leitura":"1 minuto"},"schema":{"@context":"https:\/\/schema.org","@graph":[{"@type":"WebPage","@id":"https:\/\/portal.novartis.com.br\/medicamentos\/produtos-descontinuados\/","url":"https:\/\/portal.novartis.com.br\/medicamentos\/produtos-descontinuados\/","name":"Produtos descontinuados - Bulas de Medicamentos","isPartOf":{"@id":"https:\/\/portal.novartis.com.br\/medicamentos\/#website"},"primaryImageOfPage":{"@id":"https:\/\/portal.novartis.com.br\/medicamentos\/produtos-descontinuados\/#primaryimage"},"image":{"@id":"https:\/\/portal.novartis.com.br\/medicamentos\/produtos-descontinuados\/#primaryimage"},"thumbnailUrl":"https:\/\/portal.novartis.com.br\/medicamentos\/wp-content\/uploads\/2021\/10\/novartis-bulas.png","datePublished":"2021-10-29T18:00:01+00:00","dateModified":"2026-04-17T14:27:16+00:00","breadcrumb":{"@id":"https:\/\/portal.novartis.com.br\/medicamentos\/produtos-descontinuados\/#breadcrumb"},"inLanguage":"pt-BR","potentialAction":[{"@type":"ReadAction","target":["https:\/\/portal.novartis.com.br\/medicamentos\/produtos-descontinuados\/"]}]},{"@type":"ImageObject","inLanguage":"pt-BR","@id":"https:\/\/portal.novartis.com.br\/medicamentos\/produtos-descontinuados\/#primaryimage","url":"https:\/\/portal.novartis.com.br\/medicamentos\/wp-content\/uploads\/2021\/10\/novartis-bulas.png","contentUrl":"https:\/\/portal.novartis.com.br\/medicamentos\/wp-content\/uploads\/2021\/10\/novartis-bulas.png","width":386,"height":330},{"@type":"BreadcrumbList","@id":"https:\/\/portal.novartis.com.br\/medicamentos\/produtos-descontinuados\/#breadcrumb","itemListElement":[{"@type":"ListItem","position":1,"name":"In\u00edcio","item":"https:\/\/portal.novartis.com.br\/medicamentos\/"},{"@type":"ListItem","position":2,"name":"Produtos descontinuados"}]},{"@type":"WebSite","@id":"https:\/\/portal.novartis.com.br\/medicamentos\/#website","url":"https:\/\/portal.novartis.com.br\/medicamentos\/","name":"Bulas de Medicamentos","description":"Novartis","publisher":{"@id":"https:\/\/portal.novartis.com.br\/medicamentos\/#organization"},"potentialAction":[{"@type":"SearchAction","target":{"@type":"EntryPoint","urlTemplate":"https:\/\/portal.novartis.com.br\/medicamentos\/?s={search_term_string}"},"query-input":{"@type":"PropertyValueSpecification","valueRequired":true,"valueName":"search_term_string"}}],"inLanguage":"pt-BR"},{"@type":"Organization","@id":"https:\/\/portal.novartis.com.br\/medicamentos\/#organization","name":"Novartis","url":"https:\/\/portal.novartis.com.br\/medicamentos\/","logo":{"@type":"ImageObject","inLanguage":"pt-BR","@id":"https:\/\/portal.novartis.com.br\/medicamentos\/#\/schema\/logo\/image\/","url":"https:\/\/portal.novartis.com.br\/medicamentos\/wp-content\/uploads\/2021\/08\/cropped-cropped-novartis.png","contentUrl":"https:\/\/portal.novartis.com.br\/medicamentos\/wp-content\/uploads\/2021\/08\/cropped-cropped-novartis.png","width":1280,"height":210,"caption":"Novartis"},"image":{"@id":"https:\/\/portal.novartis.com.br\/medicamentos\/#\/schema\/logo\/image\/"}}]}},"_links":{"self":[{"href":"https:\/\/portal.novartis.com.br\/medicamentos\/wp-json\/wp\/v2\/pages\/270","targetHints":{"allow":["GET"]}}],"collection":[{"href":"https:\/\/portal.novartis.com.br\/medicamentos\/wp-json\/wp\/v2\/pages"}],"about":[{"href":"https:\/\/portal.novartis.com.br\/medicamentos\/wp-json\/wp\/v2\/types\/page"}],"author":[{"embeddable":true,"href":"https:\/\/portal.novartis.com.br\/medicamentos\/wp-json\/wp\/v2\/users\/4"}],"replies":[{"embeddable":true,"href":"https:\/\/portal.novartis.com.br\/medicamentos\/wp-json\/wp\/v2\/comments?post=270"}],"version-history":[{"count":53,"href":"https:\/\/portal.novartis.com.br\/medicamentos\/wp-json\/wp\/v2\/pages\/270\/revisions"}],"predecessor-version":[{"id":1673,"href":"https:\/\/portal.novartis.com.br\/medicamentos\/wp-json\/wp\/v2\/pages\/270\/revisions\/1673"}],"wp:attachment":[{"href":"https:\/\/portal.novartis.com.br\/medicamentos\/wp-json\/wp\/v2\/media?parent=270"}],"curies":[{"name":"wp","href":"https:\/\/api.w.org\/{rel}","templated":true}]}}